b(s) be the second derivative of -s**5/20 + 7*s**4/12 - 7*s**3/6 - 2*s**2 - 29*s. Suppose -55 = -3*f - 5*d - 22, 2*f - 3*d = 3. What is b(f)?
-10
Let z(s) = s**2 + 4*s + 2. Suppose -2*a - 8 = o, -2*a + a - 5 = 0. Suppose -9 = -m + q - o*q, -19 = -3*m - q. Let i be (-72)/20 + (-2)/m. Calculate z(i).
2
Let p be (-3)/6*12/(-3) - 1. Let t(a) be the first derivative of 4*a**3/3 - 1. Give t(p).
4
Let j(u) = 4*u**2 - 2*u + 1. Suppose -4*a + 7 = v + 2*v, a - 2*v + 1 = 0. Calculate j(a).
3
Let z(x) = x**3 + 6*x**2 - x - 3. Let t(l) = -2*l. Let o be t(3). Give z(o).
3
Let t(q) = 2*q**3 - 1 + 3*q**3 - 17*q - 2*q**2 + 19*q. What is t(1)?
4
Let x(z) = z**3 + z**2 + 2*z + 1. Let p be ((-2)/(-7))/((-2)/(-14)). Suppose p = a - 2*a. Let j be a/(-4) - 12/8. Calculate x(j).
-1
Let s(r) = -r + 8. Let p be s(6). Let w(o) = 10*o + p*o - 2*o. Calculate w(-1).
-10
Let d(w) be the second derivative of w**3/2 + 5*w**2/2 - 7*w. Give d(4).
17
Suppose 0 = 2*k + 3*v - 10, 3*k - 2 = k + v. Suppose k + 14 = 4*i. Let c(b) = -b**3 + 6*b**2 - 5*b - 2. Give c(i).
10
Let y(f) be the first derivative of f**4/4 - 4*f**3/3 - 3*f**2 + 6*f + 9. What is y(5)?
1
Let m(q) = -q**2 - q**3 + 2*q**3 - 3*q + 4*q**2 + 2 + 0*q**2. Give m(-4).
-2
Let v(r) = -5*r + 2. Let z be v(-2). Let i = z + -9. Suppose 20 = 4*u - 5*b, -2*u - b - 1 = i. Let n(t) = t**3 - t**2 + t - 5. What is n(u)?
-5
Let s(y) = -253 + y + 127 + 128. Give s(9).
11
Let k(y) = -2*y + 4. Let v be -12*((-34)/8 + 4). Give k(v).
-2
Let i be (-8)/(-2) + (3 - 3). Let q(b) be the first derivative of 3*b - 1/3*b**3 + 3/2*b**2 - 1. Determine q(i).
-1
Let v be (-30)/3*(-6)/(-15). Let z(u) = 4 - u**3 + 3*u + 2*u - 4*u**2 - u. Determine z(v).
-12
Let n(k) be the third derivative of -k**7/168 + k**5/120 - k**4/24 - k**3/3 + 2*k**2. Let q(o) be the first derivative of n(o). Calculate q(1).
-5
Let q = 7 - 2. Let j(t) = -3*t**2 + 6 + t**3 - 8*t - 3*t**2 - 2*t**2 + 4*t**2. Give j(q).
-9
Let t(q) be the first derivative of -q**2/2 - 6*q + 6. Determine t(-6).
0
Let n(v) = -v**3 - 6*v**2 - v + 7. Let h(s) = s + 1. Let y(b) = 4*h(b) - n(b). What is y(-6)?
-33
Let h(v) = -4*v - 4. Let u be h(-2). Suppose -2*i - 18 = -2*p, 21 = -p + 2*i - 7*i. Let r(z) = -z + 3 + 6 - p. Give r(u).
1
Let d(o) be the second derivative of -o**6/180 - o**5/40 - o**4/24 + 2*o**3/3 + 2*o. Let c(y) be the second derivative of d(y). What is c(-2)?
-3
Let j(d) = -d**2 - 8*d - 5. Let t be j(-7). Let v(l) = l**2 - t*l**2 + 0*l**2 + 5*l + 2 + 1. What is v(3)?
9
Let b(t) = 2*t - 8. Let o be b(6). Let f(k) = -k**3 + 5*k**2 - 5*k + 2. What is f(o)?
-2
Suppose 31 = 18*v + 85. Let f(k) = -1 - 4 + k + 2. Calculate f(v).
-6
Let o(v) = 2*v**2 - v. Let n be (-4)/(-14) + 80/14. Suppose -2*w - 2*w + 14 = 2*i, 0 = 2*w - n. Calculate o(i).
1
Let d(x) = x**3 - 5*x**2 + 5. Let l(g) = g**3 - 6*g**2 + g + 6. Let b(k) = -3*d(k) + 2*l(k). Determine b(3).
3
Let h(y) = -y**3 + 6*y**2 + 2*y - 8. Let u be h(6). Let f(w) = w**3 - 3*w**2 - 4. Determine f(u).
12
Suppose 12*s + 6 = 9*s. Let a(g) = g**3 - g**2 - 2*g - 2. Calculate a(s).
-10
Let z(k) = -5*k**3 + 2*k - 1. Let o(m) be the third derivative of -m**4/24 + 2*m**3 - m**2. Let c be o(11). What is z(c)?
-4
Let p be 4/22 - (-18)/22. Let a be -1 - (-6)/(1 + p). Let h(s) = 7*s**2 - s**a - 2*s + s. Give h(1).
5
Let h(r) be the first derivative of -5*r**3/3 - r**2/2 + 11*r + 9. Let y(p) = p**2 - p - 1. Let t(a) = -h(a) - 4*y(a). What is t(-7)?
7
Let u(r) = -r**3 + 4*r**2 - 6*r**2 + 0*r + r**2 + 17 - r. Calculate u(0).
17
Suppose -6*o - 10 + 40 = 0. Suppose 4*i - 3*i = 2*u - 6, -5*i + 18 = 2*u. Let a(j) = j**2 + i*j**2 + 0*j**2 - o*j**2 - 3*j - 2. Determine a(-2).
-4
Let l(i) be the first derivative of 0*i**4 - 1 + 0*i - 1/60*i**5 + 0*i**3 + i**2 + 1/120*i**6. Let m(u) be the second derivative of l(u). Calculate m(-1).
-2
Suppose -5*m = -0*m + r - 44, 4*m = -5*r + 31. Let c(p) = -p**3 + 10*p**2 - 9*p + 7. Determine c(m).
7
Suppose 5*q - 4 - 16 = 0. Suppose -z + q = -5. Let w(k) = 1 - z + 0*k - k. What is w(0)?
-8
Let n(j) = 2*j - 2. Let m = 29 + -31. Determine n(m).
-6
Let f(w) = 4*w + 9. Let u(d) = 8*d + 1. Let l(q) = 7*q + 1. Let z(h) = -7*l(h) + 6*u(h). Let o(c) = f(c) + 5*z(c). Calculate o(3).
1
Let l = 18 + -16. Suppose 2*a = -3*c + l, -4*c - c - 2*a = -2. Let b(n) = -n - 2*n + 1 + 2*n. Give b(c).
1
Let a(h) = h**3 + 7*h**2 - 10*h - 7. Suppose o = z + 4*o - 7, -2*o + 10 = 0. Give a(z).
9
Let d(b) = b**2 + 4*b - 1. Suppose 0 = 3*c + x + 10, 5*c + 4*x + 21 = 2. Determine d(c).
-4
Let u(l) = -2*l**2 - 1. Suppose 0 = -4*v + 2*b + 6, -2*b = 4*v - 3*v - 4. What is u(v)?
-9
Let s(p) be the second derivative of 1/6*p**3 - 5/2*p**2 + 0 + p. Determine s(6).
1
Let p(o) = -o**2 + o - 1. Let m(y) = 4*y**2 - 8*y + 1. Let u be 3/(-6)*-6 - 4. Let a(v) = u*m(v) - 3*p(v). Calculate a(6).
-4
Let o(m) = m**3 - 4*m**2 + m + 4. Let z be o(4). Let f(x) = -x**2 + 9*x - 6. What is f(z)?
2
Let q(z) = -z - 1. Suppose 2 - 6 = -4*m. Let g(c) = -c**2 - 2*c + 5. Let d(a) = m*g(a) + 3*q(a). Calculate d(-4).
6
Let u = -209 - -207. Let o(d) = -2*d + 1. Give o(u).
5
Let r(m) be the second derivative of 0 + 1/6*m**4 - 1/2*m**3 + 1/20*m**5 + 3/2*m**2 + 3*m. Suppose -2*c + 6 = -4*c. What is r(c)?
3
Let c be (-1 + -1)*1 - -4. Let q(i) = -2*i**2 + 7*i + 1. Let w be q(4). Let v(h) = h - 8. Let y(g) = g - 8. Let p(t) = c*v(t) + w*y(t). Give p(0).
8
Let f(c) be the third derivative of 1/24*c**4 + 0*c + 0 - 7/6*c**3 + 2*c**2. Let o = -2 + 2. Give f(o).
-7
Let a be -1*2*(-10)/4. Let l = -14 + 8. Let q(n) = -5*n**3 + 5*n - 9. Let i(v) = -11*v**3 + v**2 + 10*v - 19. Let c(h) = l*i(h) + 13*q(h). Give c(a).
-3
Let k(y) be the first derivative of y**3/3 - 7*y**2/2 + 7*y - 9. Let c = -9 + 15. Determine k(c).
1
Suppose p = -p. Suppose -s - 4*s = p. Let t(q) be the second derivative of -q**3/6 - 3*q**2 + q. Calculate t(s).
-6
Let s(t) = -t + 5. Let g(d) = d - 3. Let c be g(4). Let n be (c + 2/(-4))*8. Suppose -2*q + n = -2. Calculate s(q).
2
Let d be (-5 + 1)*12/16. Let h(u) be the second derivative of u - 5/6*u**3 + 0 - 1/12*u**4 + 1/2*u**2. Calculate h(d).
7
Let p be (1 + 1 - 3)*3. Let a be p/(-18) + (-58)/(-12). Let w(v) = -v**3 + 6*v**2 - 7*v + 6. Calculate w(a).
-4
Let a(v) = 13*v - v**2 + 1 - 35*v + 27*v. What is a(4)?
5
Let m(v) = v**3 - 4*v**2 + 3*v + 3. Suppose -5*l + l + 12 = 0. Let z be m(l). Let j = z - 3. Let w(h) = -h**2 - 7. Give w(j).
-7
Let b(f) = -84*f + 0 + 82*f - 1 - 1. Determine b(4).
-10
Suppose -d = -o - 4*o + 5, 3*o - 3 = 3*d. Let x(b) = 1 + b - 1 + b**2. What is x(o)?
2
Let f(a) = a**2 + 2. Let s be f(0). Let i(k) = -k**s + 0*k**2 + 2*k + 2*k**2 - k**3. Let r = 133 + -131. Determine i(r).
0
Let x(s) be the third derivative of -s**5/30 + s**4/12 - s**3/3 - 2*s**2. What is x(2)?
-6
Let z(m) = m**3 + 6*m**2 - m - 6. Let x be z(-6). Let p(v) = -2 - 3 + 0 + x*v - v. Suppose 3*y + 4*r + 22 = -7, 5*y - 3*r = 0. Give p(y).
-2
Let x(s) = 2 - 4*s**2 - 2 - 2*s + 6*s**2 + 1. Determine x(1).
1
Suppose -5*w + 5*l + 3 = -2, 2*l - 10 = -4*w. Suppose q = w + 3. Suppose 0*v - v = -q. Let h(k) = -k**2 + 6*k - 2. Determine h(v).
3
Let r(p) = -2*p + 2 + 8*p + p**2 - 6*p. Give r(-3).
11
Let i(p) = p**3 - 3*p**2 - 2*p - 9. Let l be i(4). Let q(d) = -3*d**3 + d**2 + d. Determine q(l).
3
Let d(y) = -y - 1. Let z(u) = -u**3 - u**2 + 5*u - 11. Let f(t) = 6*d(t) + z(t). Suppose 2*c = 3*c - 5*c. What is f(c)?
-17
Let x(t) = -2*t**3 - 2*t**2 + 2*t + 1. Let p be x(-2). Suppose b = -b + 6. Let v(z) = b*z + z**2 + 3 - 2*z**2 + z. Give v(p).
-2
Suppose -5*x - 17 = d, 5*x - 3*d = -12 + 3. Let o(k) = -k**2 - k + 3. Calculate o(x).
-3
Let h(s) = -s - 7. Let v(m) = 2*m + 10. Let x(t) = -7*h(t) - 5*v(t). Give x(-2).
5
Let y(c) be the first derivative of -c**4/4 + 2*c**3 - 2*c**2 + 5. Determine y(3).
15
Let k(c) = c + 7. Suppose 0*l - 5 = -5*l. Let o = l - 1. Give k(o).
7
Let m(v) = 5*v + 10. Let b be m(-2). Let f(u) = -5*u**2 + 3*u**2 + u + u**3 + 3*u**2 - 2 + 4. Determine f(b).
2
Suppose 9 = -m + 12. Let s(l) = 5*l - 1. Calculate s(m).
14
Let z(l) be the second derivative of l**5/20 - l**4/12 + l**3/6 - l**2/2 + 26*l. Give z(1).
0
Suppose -5*h + 8 + 2 = 0. Let k be 1/h*10 - -2. Let f(p) = -5*p - 6 - 3*p**2 + 3*p + p**3 + k*p**2. Determine f(-4).
2
Let p(d) = 2*d + 2 - 4 + 3. Let n(l) = 7*l + 0*l**2 - l**2 - 3 